ose -7*j + 161 - 147 = 0. Let c(a) = -6*a - 4. Let g(x) = 18*x + 14. Let b(t) = j*g(t) + 7*c(t). Determine b(y).
-6
Let x = -8863 - -8850. Let z(d) = d**3 + 15*d**2 + 28*d + 9. Give z(x).
-17
Suppose 0 = -23*l + 26*l - 9. Let h(r) = 4*r**3 + 10*r + 20 + 11*r**2 - 3*r**l - 14. Give h(-10).
6
Let v(j) = j**3 - j**2 - j - 5. Let x(i) = 78*i + 390. Let r be x(-5). Calculate v(r).
-5
Let y(s) be the third derivative of -s**2 + 1/24*s**4 + 0 + 11/6*s**3 + 12*s. Determine y(-6).
5
Let g(k) be the first derivative of -7*k**4/24 - k**3/6 - 35*k**2 - 88. Let u(x) be the second derivative of g(x). Calculate u(-1).
6
Let w(y) = 18*y**2 - 4*y - 1. Suppose 0 = -9*b + 8*b - 2*g - 5, -1 = 5*b - 2*g. Give w(b).
21
Let b be (69/115)/(1/10). Let a be (-4 - (-32)/b)/((-8)/(-18)). Let h(s) be the first derivative of -2*s**2 + 1. What is h(a)?
-12
Let p(f) = f + 3. Let v(r) = -2*r - 5. Let s(x) = 10*p(x) + 4*v(x). Let a be 198/(-44) + (-2)/(-4). Let n be a*21/((-147)/(-14)). What is s(n)?
-6
Let v(h) be the second derivative of h**5/20 - 13*h**4/12 - h**3/2 + 47*h**2/2 + 2337*h. Give v(13).
8
Let p(i) = -43*i + 244. Suppose 812*w - 2220 = 442*w. What is p(w)?
-14
Let x(w) = -6 + 1 + 6*w + 0. Let y(n) = -5*n + 6. Let o(c) = -6*x(c) - 7*y(c). What is o(-11)?
-1
Suppose 125*q + 3*i - 26 = 123*q, -2*i + 16 = 0. Let d(a) = 24*a - 20. What is d(q)?
4
Let m = -7970 + 7962. Let s(v) = -v**3 - 9*v**2 - v - 4. Calculate s(m).
-60
Let l(x) = -x**2 - 36*x + 260. Let p be l(6). Let b(r) be the first derivative of -1/2*r**2 + 2 - p*r. Give b(0).
-8
Let w(q) = -q**2 + 7*q + 8. Let d(s) = -39*s + 235. Let t be d(6). Let o be (0 + -6 - t)/(-1). What is w(o)?
8
Let l(x) = x**2 - 24*x + 0*x**2 + 12*x + 24 + 23*x. Let u be l(-8). Let s(d) = -d + 6. Give s(u).
6
Suppose -38*c = -2*v - 41*c - 10, -4*c = -4*v + 40. Let z(k) = 4*k**2 - 3. Calculate z(v).
61
Let v(u) be the third derivative of -u**4/24 + 4*u**3/3 + 216*u**2. Calculate v(0).
8
Let s(j) be the third derivative of -j**7/252 - j**6/240 + j**5/40 + 5*j**4/12 - j**3/3 + 103*j**2. Let r(w) be the second derivative of s(w). Determine r(2).
-43
Let p = -75 - -84. Let l be (p/(-6) - -2)*(-38)/(-1). Let a(q) = 11*q + 5 + 10*q - l*q. Determine a(-4).
-3
Let x(g) be the first derivative of -3*g**2 + 149*g + 7498. Calculate x(23).
11
Let h(d) = -3*d**2 - d + 16. Suppose 58*n = 9*n - 36*n - 255. Give h(n).
-8
Suppose -5*h - 336*k + 16 = -337*k, -h = 3*k. Let y(p) be the third derivative of 0*p + 4/3*p**h + 10*p**2 + 1/12*p**4 + 0. What is y(-7)?
-6
Let a(t) = t**3 + t**2 - 10*t + 14. Let j be a(4). Suppose 52*y = j*y - 6. Let l(h) = -h**2 - 1. Determine l(y).
-10
Let t(j) = 47*j - 12. Let q be ((-20)/(-15) + -1)/((-3)/9) + 2. Determine t(q).
35
Let f(z) = z - z + z**2 + 4*z - z**3. Let j(o) = 4*o**3 + o**2 - 10*o - 3. Let c be j(-5). Let x = -425 - c. Calculate f(x).
-6
Let b(t) = -10*t + 17. Suppose 24*m - 39*m - 24*m - 195 = 0. Give b(m).
67
Let b(z) = 7 + 47*z**3 + 0*z**2 - 2 - 4 - z - 56*z**3 - z**2. Determine b(-1).
10
Let u be 4/(-14) - ((-1128)/28 - -3). Suppose -30*s + 7 = -u*s. Let c(y) = 2*y**2 - y. What is c(s)?
3
Let u(q) be the second derivative of q**4/12 - 7*q**3/6 + 2*q**2 + 2*q. Let k(o) = o**3 + 9*o**2 + 3*o - 71. Let s be k(-7). Calculate u(s).
-2
Let v(k) be the third derivative of k**4/12 + 19*k**3/6 - k**2 - 8. Let q(l) = l + 9. Let w(a) = -5*q(a) + 2*v(a). Calculate w(-8).
1
Let r(p) = 127 - 128 - 2*p + 38*p**2 - 39*p**2 + 31*p**3. What is r(-1)?
-31
Let i(b) be the second derivative of 5*b - 1/20*b**5 - 1/6*b**3 + 0*b**4 - 17 + 9/2*b**2. What is i(0)?
9
Let b(y) = 2*y**2 + 15*y - 19. Let m be b(-9). Let o = -44 + 48. Let j(p) = 0 - o*p + m - 12 + 5. Give j(3).
-11
Let r(g) be the third derivative of g**5/30 + 7*g**4/6 - g**3/2 + 1331*g**2. Calculate r(-14).
-3
Let u(q) be the first derivative of q**4/4 - 7*q**3/3 + 5*q**2/2 + q - 4. Let m = 2159 + -2153. Give u(m).
-5
Suppose -2*g - 3*c = -3*g, 0*c + 2*c = c. Let v(p) be the third derivative of -1/6*p**3 - 1/60*p**5 - 30*p**2 + 0 + g*p - 1/4*p**4. Give v(-4).
7
Let c(b) be the first derivative of 0*b**3 - 9 + 2*b**2 + 0*b - 1/8*b**4. Let s(n) be the second derivative of c(n). Calculate s(1).
-3
Let o(r) = r**2 + 5*r - 4. Let w = -11 - -11. Let x be (-1 - 2) + (10 - (w - -3)). Let n be 2/9 + ((-564)/27)/x. What is o(n)?
-4
Let v(k) = k**3 - 78048 + 78113 + 4*k - 25*k**2 - 2*k**3. Give v(-25).
-35
Let h(d) = -2*d - 4. Suppose 4*a + 4*g - 100 + 16 = 0, 36 = 2*a - 4*g. Suppose 4*k + a = -u, -k - 4*u + 8 = 13. Give h(k).
6
Let o(n) = -n**2 - 26 + 0*n**2 + 7. Let u(r) = -13*r - 65. Suppose 49*i = 45*i - 20. Let w be u(i). Give o(w).
-19
Let x be ((-5680)/200 - -30)*(-10)/(-4). Let c(r) be the third derivative of -r**6/120 + r**5/10 - r**4/4 + r**3/6 - r**2. Determine c(x).
9
Let m(x) be the first derivative of x**4/4 - 3*x**3 - 3*x**2 - 9*x + 5613. What is m(10)?
31
Suppose -3*v = 5*n - 14 - 7, 3*n + 69 = 5*v. Let y(k) = 5*k**2 - 12*k - 6. Let t(u) = -7*u**2 + 12*u + 6. Let a(m) = -2*t(m) - 3*y(m). Calculate a(v).
6
Suppose 4*q + 7*s + 19 = 6*s, -2*s = 4*q + 22. Let n be 15/q + (-16)/64. Let p(v) be the second derivative of -v**3/2 - v**2/2 + v. What is p(n)?
11
Let l = 255 - 244. Suppose -106 - l = -13*u. Let r(a) = a**3 - 8*a**2 - 9*a - 9. Determine r(u).
-9
Suppose 0 = -22*a + 10510 - 10268. Let y(l) = 46*l - 503. Give y(a).
3
Let d(k) = 14*k**3 - 19*k**2 + 9*k + 14. Let j be 6/(-15) + 7/((-35)/13). Let y(b) = -5*b**3 + 7*b**2 - 3*b - 5. Let h(n) = j*d(n) - 8*y(n). Give h(2).
-20
Let w(j) = -5*j**2 - 46*j - 22. Let a(n) = -4*n**2 - 37*n - 23. Let z(m) = -6*a(m) + 5*w(m). Calculate z(-9).
19
Let x(y) = 3559*y + 2*y**2 - 52 - 6*y**2 - y**3 - 7148*y + 3559*y. Determine x(-2).
0
Let z be (-666)/259*2 + 8/7. Suppose -2*q + 4*v = v + 12, -16 = -q - 4*v. Let c(i) = -i**3 + q*i - i - 6*i**2 + 4 - 3*i. What is c(z)?
-12
Let f(r) = 4*r + 2 - 2*r - r - 3. Let a(x) = -x**2 - 15*x - 53. Let o be a(-7). Suppose -4*w + 3 = 5*d, -o*w + 10*d - 11*d = -5. What is f(w)?
1
Let x(i) be the second derivative of i**5/20 + 17*i**4/12 + 17*i**3/6 + 11*i**2/2 + 1433*i. Calculate x(-16).
-5
Let t(z) = -z**2 - 42*z - 188. Let h(x) = -x**2 - 44*x - 165. Let q(u) = 4*h(u) - 5*t(u). What is q(-17)?
-9
Let c(z) = 843 - 300 - 240 - 8*z - 236. What is c(8)?
3
Let b(d) be the third derivative of -d**4/12 + 11*d**3/6 - 1086*d**2. What is b(-7)?
25
Let x(g) = 2*g**3 - 4*g**2 - 6*g + 1. Let f be x(4). Let i = 44 - f. Let a(p) = p - 6*p - i + p. What is a(-2)?
5
Let g(i) = -2*i**2 + 18*i + 12. Let c = 56 - 48. Give g(c).
28
Let g be -12 + (-9)/(108/(-24)). Let a(o) = -6*o - 42. Give a(g).
18
Let z(s) = -s**3 + 3*s**2 + 3*s - 1. Let p be (-294)/(-12) + 6/4. Suppose -5*d = -10, -d - 4*d + p = 4*g. Calculate z(g).
-5
Let h(k) = -3*k**2 - k. Let g = -26 - -86. Let f = g + -61. What is h(f)?
-2
Let w be 14/(86/(-22) - -4). Let j be -1 + -1 - w/7. Let x = 22 + j. Let h(c) = -c**2 - 2*c - 2. What is h(x)?
-2
Let x(g) be the third derivative of -g**5/60 - g**4/2 - 11*g**3/6 - 825*g**2. Determine x(-11).
0
Let x(t) = -t**3 + 12*t**2 - 17*t - 9. Let o = -4242 + 4252. Determine x(o).
21
Let h(m) = -54*m + 6*m + 34*m + 12 + 7*m + 6*m. Calculate h(-5).
17
Let h(p) = -3 - 1 + 38 + 6 + 4*p + 20. Determine h(-19).
-16
Let r = -2 - -7. Let v(t) be the third derivative of -1/15*t**5 + 0*t - 2/3*t**3 + 1/120*t**6 - 31*t**2 - 5/24*t**4 + 0. Calculate v(r).
-4
Let z(s) = -2*s**3 - 5*s**2 + s - 6. Suppose -3*b = 293 - 272. Let m be 9*(b/3 + 2). Calculate z(m).
0
Let v(y) = y**2 + y - 4. Let j be v(2). Let x(k) = -j + 3*k + 2 - 2*k. Let u = -41 + 37. Determine x(u).
-4
Let f(a) = -a - 830*a**3 - 771*a**3 + 4*a**2 + 1603*a**3. What is f(-4)?
-60
Let f(l) = -2*l + 21. Suppose 82*z + 337 + 483 = 0. What is f(z)?
41
Let u = -237 + 248. Let l(p) = -4*p - 5. Let t(c) = c + 2. Let q(i) = u*t(i) + 4*l(i). Let v be (8/(-16))/((-1)/(-6)). What is q(v)?
17
Let o(l) = -l + 6. Let h(f) = 3*f**3 + f**2 + 6*f - 8. Let b be h(6). Suppose -b*v + 35 = -707*v. What is o(v)?
-1
Let v be (6568/28 - 3/(-7))*1. Let f(s) = 3*s + 228 - s - v + 0*s + s**2. Determine f(-5).
8
Let f(l) = 9*l - 67. Let s(r) = -r**3 + 26*r**2 + 87*r + 6. Let d be s(29). Determine f(d).
-13
Let v(o) = -o - 1. Let c(t) = 7*t**2 - 160*t - 18. Let l be (-2295)/(-99) - 8/44